{"id":361,"date":"2019-09-17T07:23:18","date_gmt":"2019-09-17T07:23:18","guid":{"rendered":"http:\/\/localhost:8080\/abctots\/?page_id=361"},"modified":"2024-09-03T06:25:16","modified_gmt":"2024-09-03T06:25:16","slug":"pricing","status":"publish","type":"page","link":"https:\/\/veraanaokullari.com\/?page_id=361","title":{"rendered":"Pricing"},"content":{"rendered":"<section class=\"wpb-content-wrapper\"><p>[vc_row full_width=&#8221;stretch_row_content_no_spaces&#8221;][vc_column css=&#8221;.vc_custom_1567927353068{padding-bottom: 120px !important;}&#8221; klb_responsive=&#8221;.vc_custom_1567927353070{padding-bottom: 40px !important;}&#8221;]<div class=\"jumbotron jumbotron-fluid\" ><div class=\"container\" ><div class=\"jumbo-heading\" data-aos=\"fade-down\"><h1>Pricing<\/h1><nav aria-label=\"breadcrumb\"> <ol class=\"breadcrumb\"> <li class=\"breadcrumb-item\"><a  href=\"https:\/\/veraanaokullari.com\" title=\"Home\" rel=\"bookmark\">Home<\/a> <\/li>  <\/ol><\/nav><\/div><\/div><\/div>[\/vc_column][\/vc_row][vc_row][vc_column width=&#8221;5\/12&#8243; css=&#8221;.vc_custom_1568706899117{margin-bottom: 15px !important;}&#8221;][vc_single_image image=&#8221;364&#8243; img_size=&#8221;full&#8221;][\/vc_column][vc_column width=&#8221;7\/12&#8243; el_class=&#8221;mt-3&#8243;][vc_custom_heading text=&#8221;Okulumuzun \u00dccretleri&#8221; use_theme_fonts=&#8221;yes&#8221;][vc_custom_heading text=&#8221;Hizmet etme \u015fuuru ile kurulan kurumumuz , idarecilerinin gerek sosyal sorumluluk g\u00f6revini yerine getirmesi, gerekse ahde vefas\u0131n\u0131 sunmas\u0131 ad\u0131na topluma faydal\u0131 olmay\u0131 gaye edinmi\u015f , maddi menfaati geride b\u0131rakm\u0131\u015ft\u0131r. Her \u00e7ocu\u011fa bu g\u00fczel e\u011fitimi ula\u015ft\u0131rmas\u0131 ad\u0131na fiyatlar olabildi\u011fince d\u00fc\u015f\u00fck ve her b\u00fct\u00e7eye uygun ayarlanmaya \u00e7al\u0131\u015f\u0131lm\u0131\u015ft\u0131r.&#8221; font_container=&#8221;tag:p|text_align:left&#8221; use_theme_fonts=&#8221;yes&#8221;][vc_column_text]<\/p>\n<div class=\"alert alert-warning mt-3\" role=\"alert\">\n<h4>\u00d6deme Bilgileri<\/h4>\n<p>Fiyatlar y\u0131ll\u0131k olup, velinin \u00f6deme kolayl\u0131\u011f\u0131na g\u00f6re taksitlendirilmektedir. \u00d6demeler en fazla 10 aya b\u00f6l\u00fcnmek sureti ile A\u011fustos ay\u0131nda ba\u015flar May\u0131s ay\u0131nda sona ermektedir. Resmi tatillerde , hafta sonu tatillerine ve ola\u011fan d\u0131\u015f\u0131 seyreden kar tatili gibi durumlarda \u00fccret kesintisi olmaz. Bu kesintiler sene ba\u015f\u0131nda belirlenir ve kesinti yap\u0131lmak sureti ile fiyat ona g\u00f6re d\u00fczenlemi\u015ftir. Kay\u0131t s\u0131ras\u0131nda okul i\u00e7in gerekli materyal listesi verilmez onun i\u00e7in k\u0131rtasiye \u00fccreti al\u0131n\u0131r ki bu \u00fccrette en d\u00fc\u015f\u00fck d\u00fczeyde tutulur.<\/p>\n<\/div>\n<p>[\/vc_column_text][\/vc_column][\/vc_row][vc_row el_class=&#8221;mt-5&#8243;][vc_column width=&#8221;1\/3&#8243;]<div class=\"pricingTable\"><div class=\"pricingTable-header bg-primary\" style=\"background-color: !important;\"><h3 class=\"title\">ANAOKULU<\/h3><\/div><div class=\"pricing-content bg-primary\" style=\"background-color: !important;\"><div class=\"price-value\"><span class=\"amount\">65.000 TL<\/span><span class=\"month\">(2024-2025 Y\u0131l\u0131 \u0130\u00e7in )<\/span><\/div><ul><li>1 Y\u0131ll\u0131k \u00dccret Bedeli<\/li><li>10 Taksit \u00d6deme \u0130mkan\u0131<\/li><li>Kefil Yok<\/li><li>Sene \u0130\u00e7inde Ba\u015fka \u00d6deme Talep Edilmez<\/li><li>Yemek \u00dccreti DAH\u0130L<\/li><\/ul><a href=\"https:\/\/veraanaokullari.com\/?page_id=645\" title=\"KAYIT OL\" target=\"\" class=\"btn\">KAYIT OL<\/a><\/div><\/div>[\/vc_column][vc_column width=&#8221;1\/3&#8243;]<div class=\"pricingTable\"><div class=\"pricingTable-header bg-primary\" style=\"background-color:#035392 !important;\"><h3 class=\"title\">\u0130LKOKUL<\/h3><\/div><div class=\"pricing-content bg-primary\" style=\"background-color:#035392 !important;\"><div class=\"price-value\"><span class=\"amount\">100.000 TL<\/span><span class=\"month\">( 2024-2025 Y\u0131l\u0131 \u0130\u00e7in )<\/span><\/div><ul><li>1 Y\u0131ll\u0131k \u00dccret Bedeli<\/li><li>10 Taksit \u00d6deme \u0130mkan\u0131<\/li><li>Kefil Yok<\/li><li>Sene \u0130\u00e7inde Ba\u015fka \u00d6deme Talep Edilmez<\/li><li>Yemek \u00dccreti DAH\u0130L<\/li><\/ul><a href=\"https:\/\/veraanaokullari.com\/?page_id=649\" title=\"KAYIT OL\" target=\"\" class=\"btn\">KAYIT OL<\/a><\/div><\/div>[\/vc_column][vc_column width=&#8221;1\/3&#8243;]<div class=\"pricingTable\"><div class=\"pricingTable-header bg-primary\" style=\"background-color:#e4a40f !important;\"><h3 class=\"title\">YABANCI D\u0130L OKULU<\/h3><\/div><div class=\"pricing-content bg-primary\" style=\"background-color:#e4a40f !important;\"><div class=\"price-value\"><span class=\"amount\">75.000 TL<\/span><span class=\"month\">( 2024-2025 Y\u0131l\u0131 \u0130\u00e7in )<\/span><\/div><ul><li>1 Y\u0131ll\u0131k \u00dccret Bedeli<\/li><li>10 Taksit \u00d6deme \u0130mkan\u0131<\/li><li>Kefil Yok<\/li><li>Sene \u0130\u00e7inde Ba\u015fka \u00d6deme Talep Edilmez<\/li><li>Yemek \u00dccreti DAH\u0130L<\/li><\/ul><a href=\"https:\/\/veraanaokullari.com\/?page_id=652\" title=\"KAYIT OL\" target=\"\" class=\"btn\">KAYIT OL<\/a><\/div><\/div>[\/vc_column][\/vc_row][vc_row el_class=&#8221;mt-5&#8243; css=&#8221;.vc_custom_1568707104831{padding-bottom: 70px !important;}&#8221; klb_responsive=&#8221;.vc_custom_1568707104832{padding-bottom: 40px !important;}&#8221;][vc_column][vc_custom_heading text=&#8221;\u00d6deme Plan\u0131&#8221; font_container=&#8221;tag:h4|text_align:left&#8221; use_theme_fonts=&#8221;yes&#8221;][vc_custom_heading text=&#8221;\u00dccretler y\u0131ll\u0131k olup her b\u00fct\u00e7eye g\u00f6re ayarlanmaktad\u0131r, Gayemiz maddi kazan\u00e7tan ziyade manevi kazan\u00e7t\u0131r. Bunun i\u00e7in kurumumuz \u00f6deme tutar\u0131nda ve \u00f6deme plan\u0131nda kolayl\u0131k sa\u011flamaktad\u0131r.&#8221; font_container=&#8221;tag:p|text_align:left&#8221; use_theme_fonts=&#8221;yes&#8221;][vc_column_text]<\/p>\n<table class=\"table table-striped\">\n<thead>\n<tr>\n<th>\u00d6deme Plan\u0131<\/th>\n<th>\u00d6deme S\u00fcresi<\/th>\n<th>Anaokulu &amp; \u0130lkokul \u00d6deme Tutar\u0131<\/th>\n<\/tr>\n<\/thead>\n<tbody>\n<tr>\n<td>Pe\u015fin \u00d6deme<\/td>\n<td>1 Y\u0131ll\u0131k \u00d6deme<\/td>\n<td>65.000 TL &#8211; 100.000 TL<\/td>\n<\/tr>\n<tr>\n<td>D\u00f6nemlik \u00d6deme<\/td>\n<td>5 Ayl\u0131k \u00d6deme<\/td>\n<td>13.000 TL &#8211; 20.000 TL<\/td>\n<\/tr>\n<tr>\n<td>10 Ayl\u0131k \u00d6deme<\/td>\n<td>1 Ayl\u0131k \u00d6deme<\/td>\n<td>6,500 TL &#8211; 10,000 TL<\/td>\n<\/tr>\n<\/tbody>\n<\/table>\n<p>[\/vc_column_text][\/vc_column][\/vc_row]<\/p>\n<\/section>","protected":false},"excerpt":{"rendered":"<p>[vc_row full_width=&#8221;stretch_row_content_no_spaces&#8221;][vc_column css=&#8221;.vc_custom_1567927353068{padding-bottom: 120px !important;}&#8221; klb_responsive=&#8221;.vc_custom_1567927353070{padding-bottom: 40px !important;}&#8221;][\/vc_column][\/vc_row][vc_row][vc_column width=&#8221;5\/12&#8243; css=&#8221;.vc_custom_1568706899117{margin-bottom: 15px !important;}&#8221;][vc_single_image image=&#8221;364&#8243; img_size=&#8221;full&#8221;][\/vc_column][vc_column width=&#8221;7\/12&#8243; el_class=&#8221;mt-3&#8243;][vc_custom_heading text=&#8221;Okulumuzun \u00dccretleri&#8221; use_theme_fonts=&#8221;yes&#8221;][vc_custom_heading text=&#8221;Hizmet etme \u015fuuru ile kurulan kurumumuz , idarecilerinin gerek sosyal sorumluluk g\u00f6revini yerine getirmesi, gerekse ahde vefas\u0131n\u0131 sunmas\u0131 ad\u0131na topluma faydal\u0131 olmay\u0131 gaye edinmi\u015f , maddi menfaati geride b\u0131rakm\u0131\u015ft\u0131r. Her \u00e7ocu\u011fa bu g\u00fczel e\u011fitimi ula\u015ft\u0131rmas\u0131 ad\u0131na<\/p>\n<div class=\"klb-readmore\"><a href=\"https:\/\/veraanaokullari.com\/?page_id=361\" class=\"btn btn-primary\">READ MORE<\/a><\/div>\n","protected":false},"author":1,"featured_media":0,"parent":0,"menu_order":0,"comment_status":"closed","ping_status":"closed","template":"","meta":{"footnotes":""},"class_list":["post-361","page","type-page","status-publish","hentry","col-lg-12 mb-5"],"_links":{"self":[{"href":"https:\/\/veraanaokullari.com\/index.php?rest_route=\/wp\/v2\/pages\/361","targetHints":{"allow":["GET"]}}],"collection":[{"href":"https:\/\/veraanaokullari.com\/index.php?rest_route=\/wp\/v2\/pages"}],"about":[{"href":"https:\/\/veraanaokullari.com\/index.php?rest_route=\/wp\/v2\/types\/page"}],"author":[{"embeddable":true,"href":"https:\/\/veraanaokullari.com\/index.php?rest_route=\/wp\/v2\/users\/1"}],"replies":[{"embeddable":true,"href":"https:\/\/veraanaokullari.com\/index.php?rest_route=%2Fwp%2Fv2%2Fcomments&post=361"}],"version-history":[{"count":12,"href":"https:\/\/veraanaokullari.com\/index.php?rest_route=\/wp\/v2\/pages\/361\/revisions"}],"predecessor-version":[{"id":775,"href":"https:\/\/veraanaokullari.com\/index.php?rest_route=\/wp\/v2\/pages\/361\/revisions\/775"}],"wp:attachment":[{"href":"https:\/\/veraanaokullari.com\/index.php?rest_route=%2Fwp%2Fv2%2Fmedia&parent=361"}],"curies":[{"name":"wp","href":"https:\/\/api.w.org\/{rel}","templated":true}]}}